e remainder when 29289 is divided by 41.
15
What is the remainder when 160199 is divided by 433?
422
What is the remainder when 4041 is divided by 1990?
61
What is the remainder when 791 is divided by 224?
119
Calculate the remainder when 8704 is divided by 2171.
20
Calculate the remainder when 109 is divided by 87.
22
Calculate the remainder when 1898 is divided by 95.
93
Calculate the remainder when 13456 is divided by 17.
9
Calculate the remainder when 3934 is divided by 33.
7
Calculate the remainder when 6534874 is divided by 908.
906
Calculate the remainder when 32704 is divided by 31.
30
What is the remainder when 80394 is divided by 4466?
6
Calculate the remainder when 299956 is divided by 13.
7
What is the remainder when 22137 is divided by 203?
10
What is the remainder when 788 is divided by 535?
253
Calculate the remainder when 5576 is divided by 1848.
32
Calculate the remainder when 50813 is divided by 62.
35
What is the remainder when 50942 is divided by 7272?
38
Calculate the remainder when 2801 is divided by 1384.
33
Calculate the remainder when 19751 is divided by 15.
11
What is the remainder when 3022 is divided by 110?
52
Calculate the remainder when 14389 is divided by 36.
25
What is the remainder when 240627 is divided by 65?
62
Calculate the remainder when 4684 is divided by 338.
290
What is the remainder when 1482 is divided by 35?
12
Calculate the remainder when 31003 is divided by 15.
13
What is the remainder when 644579 is divided by 1465?
1444
Calculate the remainder when 9925 is divided by 1047.
502
Calculate the remainder when 13572 is divided by 3286.
428
What is the remainder when 1162799 is divided by 85?
84
Calculate the remainder when 14380 is divided by 2848.
140
What is the remainder when 827 is divided by 122?
95
What is the remainder when 90318 is divided by 231?
228
Calculate the remainder when 68050 is divided by 22680.
10
What is the remainder when 188575 is divided by 332?
331
Calculate the remainder when 70 is divided by 24.
22
Calculate the remainder when 48792 is divided by 16175.
267
Calculate the remainder when 52910 is divided by 9.
8
Calculate the remainder when 596 is divided by 202.
192
What is the remainder when 783 is divided by 42?
27
What is the remainder when 2645 is divided by 25?
20
Calculate the remainder when 806 is divided by 5.
1
Calculate the remainder when 2543707 is divided by 267.
265
Calculate the remainder when 1692 is divided by 556.
24
What is the remainder when 60401 is divided by 1080?
1001
Calculate the remainder when 7403 is divided by 557.
162
What is the remainder when 125490 is divided by 528?
354
What is the remainder when 2669 is divided by 54?
23
Calculate the remainder when 3705 is divided by 25.
5
Calculate the remainder when 12859 is divided by 240.
139
Calculate the remainder when 1348 is divided by 465.
418
What is the remainder when 37767 is divided by 948?
795
Calculate the remainder when 4238 is divided by 27.
26
What is the remainder when 57195 is divided by 1144?
1139
Calculate the remainder when 63137 is divided by 877.
870
Calculate the remainder when 187599 is divided by 226.
19
What is the remainder when 176002 is divided by 18?
16
What is the remainder when 41025 is divided by 121?
6
What is the remainder when 161524 is divided by 13460?
4
What is the remainder when 67013 is divided by 464?
197
What is the remainder when 181997 is divided by 43?
21
What is the remainder when 18227 is divided by 521?
513
What is the remainder when 566 is divided by 206?
154
Calculate the remainder when 848 is divided by 239.
131
What is the remainder when 7300 is divided by 1042?
6
Calculate the remainder when 15636 is divided by 15149.
487
Calculate the remainder when 36420 is divided by 182.
20
What is the remainder when 1398837 is divided by 8?
5
What is the remainder when 2069 is divided by 195?
119
What is the remainder when 43581 is divided by 32?
29
Calculate the remainder when 1337645 is divided by 25.
20
What is the remainder when 50201 is divided by 178?
5
Calculate the remainder when 3063 is divided by 507.
21
What is the remainder when 113318 is divided by 56656?
6
What is the remainder when 1856399 is divided by 84?
83
Calculate the remainder when 224 is divided by 79.
66
What is the remainder when 9322 is divided by 232?
42
What is the remainder when 1120990 is divided by 560488?
14
Calculate the remainder when 755 is divided by 741.
14
Calculate the remainder when 32842 is divided by 52.
30
Calculate the remainder when 18321 is divided by 407.
6
Calculate the remainder when 43149 is divided by 21.
15
Calculate the remainder when 9132 is divided by 21.
18
Calculate the remainder when 37574 is divided by 800.
774
What is the remainder when 338679 is divided by 454?
449
What is the remainder when 92880 is divided by 33?
18
Calculate the remainder when 2278732 is divided by 233.
225
What is the remainder when 131228 is divided by 131226?
2
What is the remainder when 16864 is divided by 8400?
64
Calculate the remainder when 4305 is divided by 175.
105
Calculate the remainder when 6089 is divided by 674.
23
What is the remainder when 288755 is divided by 468?
467
Calculate the remainder when 37686 is divided by 18838.
10
What is the remainder when 7766 is divided by 392?
318
What is the remainder when 6228 is divided by 401?
213
What is the remainder when 12314 is divided by 55?
49
Calculate the remainder when 414435 is divided by 23.
21
Calculate the remainder when 64192 is divided by 6.
4
Calculate the remainder when 29277 is divided by 8.
5
What is the remainder when 296478 is divided by 237?
228
Calculate the remainder when 38028 is divided by 7605.
3
Calculate the remainder when 48500 is divided by 769.
53
What is the remainder when 25982 is divided by 5196?
2
Calculate the remainder when 1248012 is divided by 95.
92
What is the remainder when 889378 is divided by 27?
25
Calculate the remainder when 223937 is divided by 1.
0
Calculate the remainder when 4635 is divided by 19.
18
Calculate the remainder when 31362 is divided by 78.
6
What is the remainder when 1508 is divided by 741?
26
Calculate the remainder when 1720 is divided by 854.
12
What is the remainder when 35651 is divided by 211?
203
What is the remainder when 1840 is divided by 207?
184
What is the remainder when 1898 is divided by 82?
12
What is the remainder when 62210 is divided by 102?
92
What is the remainder when 17200 is divided by 4887?
2539
Calculate the remainder when 59932 is divided by 59.
47
What is the remainder when 1616 is divided by 664?
288
What is the remainder when 172548 is divided by 70?
68
What is the remainder when 4282 is divided by 1422?
16
Calculate the remainder when 283170 is divided by 171.
165
Calculate the remainder when 378207 is divided by 35.
32
What is the remainder when 204015 is divided by 51003?
3
Calculate the remainder when 506207 is divided by 4644.
11
What is the remainder when 87019 is divided by 1075?
1019
Calculate the remainder when 141721 is divided by 382.
381
What is the remainder when 3370 is divided by 421?
2
Calculate the remainder when 10888 is divided by 220.
108
Calculate the remainder when 3891 is divided by 557.
549
What is the remainder when 3407 is divided by 1117?
56
What is the remainder when 150125 is divided by 1416?
29
What is the remainder when 120861 is divided by 37?
19
Calculate the remainder when 418 is divided by 276.
142
Calculate the remainder when 2156 is divided by 123.
65
What is the remainder when 5693 is divided by 716?
681
What is the remainder when 722 is divided by 15?
2
What is the remainder when 1036761 is divided by 91?
89
Calculate the remainder when 1850 is divided by 614.
8
Calculate the remainder when 17174 is divided by 82.
36
Calculate the remainder when 4899 is divided by 268.
75
Calculate the remainder when 96880 is divided by 2106.
4
What is the remainder when 12199 is divided by 38?
1
What is the remainder when 1991 is divided by 554?
329
What is the remainder when 9792 is divided by 138?
132
Calculate the remainder when 133214 is divided by 183.
173
Calculate the remainder when 5378 is divided by 234.
230
What is the remainder when 5036 is divided by 108?
68
What is the remainder when 65732 is d